 What is m(c)?
9
Let b(v) = 5*v**3 - 3 - 277*v - 2*v**2 + 275*v - 4*v**3. Calculate b(3).
0
Let m = -24 - -26. Let r(i) = 4*i**2 - 11 - i**2 + 10 - 2*i**m. Give r(-2).
3
Let c(n) = 3*n**3 - 5*n - 5. Suppose -2*k + 22 = -2*a + 7*a, 2*a + 3*k - 11 = 0. Let r(b) = b**3 - b - 1. Let g(v) = a*r(v) - c(v). Give g(0).
1
Let f = 4 - 1. Let o(w) = -2*w**2 - 2*w + 1. Let v(g) be the first derivative of 2*g**3/3 + 3*g**2/2 - g + 1. Let b(t) = f*v(t) + 4*o(t). Calculate b(3).
-14
Let q be (-10 - 0)*1/(-2). Let h(i) be the second derivative of 2*i**3 - 2*i + q*i - 3*i**3 + 3*i. What is h(-1)?
6
Let f be -1*(-8 - (-3 + -1)). Let y(b) = 6*b**2 - 2*b**3 + 3 + 4*b**3 + 0*b**3 - 3*b**3 - f*b. Give y(4).
19
Let p be 3/6 - (-27)/18. Let d(b) = -7*b - 9 + 2 - 9*b**p + 5*b**2 + 5*b**2. What is d(8)?
1
Let v(a) = a**3 + 5*a**2 - 6*a - 1. Let x(j) = 9*j. Let q be x(-1). Let d = 1 - q. Suppose -3*p - d = 4*r, 3*p - 2*r + 22 = -0*p. What is v(p)?
-1
Let j(z) = z**2 + 3*z - 1. Let s be j(-5). Suppose a + s = 4*a. Let k = 3 - a. Let t(y) = y**2 + y + 2. Calculate t(k).
2
Suppose -2*y + g = -y - 11, 4*g = -5*y + 19. Let k(o) = o**2 - 4*o - 16. What is k(y)?
5
Suppose 4*l - 9 = 3. Suppose 2*c - l*c = -2. Let h(i) = -i**3 + 5*i**2 - 3*i. Determine h(c).
6
Let n(p) be the first derivative of p**3/3 - 4*p + 1. Let o = 24 + -24. Suppose 8*h + 0 - 24 = o. Give n(h).
5
Let t = 2 - -48. Suppose 11*l + 5 + t = 0. Let u(x) = -x**3 - 5*x**2 - 3*x - 6. What is u(l)?
9
Let r = -2 - -3. Let h(f) = -f + 6. Let j be h(5). Let d(x) = r + 3 + j - x**2 - x + x**3. Calculate d(0).
5
Suppose -2*n + 5 - 1 = 0. Let l(d) = -4*d + 3*d**n - 1 - 8 + 0 + 6. Let y(f) = 13*f**2 - 17*f - 12. Let t(v) = -9*l(v) + 2*y(v). Calculate t(-2).
-5
Let g(a) = a**2 - a + 1. Let s = 37 + -31. Suppose 4*z = u - 36, -z + s*z + 111 = 4*u. Let l = 27 - u. What is g(l)?
7
Let c(m) = 4*m + 7. Suppose -109*u = -106*u - 42. Let y be (u/(-16)*-2)/((-28)/112). Determine c(y).
-21
Let g = 34 - 34. Let t(z) be the second derivative of 4*z**3/3 + 7*z**2/2 + 3*z. Let h(p) = 7*p + 6. Let o(i) = 7*h(i) - 6*t(i). Give o(g).
0
Let j(a) = -a**3 - 4*a**2 + 2*a + 1. Let i(k) = -k - 12 + 4*k - k. Let s be i(8). Suppose -10 - 5 = -3*m, 0 = -3*y - s*m + 8. Determine j(y).
-7
Let n(z) = 2 - 6*z**2 - 1 - 7*z - 6 - z**3 - 2. Let b(r) = r**3 + 9*r**2 - 10*r - 5. Let o be b(-10). Give n(o).
3
Let y(b) be the second derivative of -b**4/12 - 7*b**3/6 + b**2 - 2*b. Suppose -570*i + 573*i = -12. Determine y(i).
14
Let h(t) = -t**3 + 10*t**2 - 2*t + 16. Let z(k) = k**3 - 10*k**2 + 2*k - 16. Let o(n) = -3*h(n) - 4*z(n). Calculate o(10).
-4
Let k(m) = 2*m - 8 - 7*m + 13. Suppose -3*r + 5*r - 4*y = 8, -3*r - 2*y + 12 = 0. Calculate k(r).
-15
Let l(q) = -q**3 + 7*q**2 - 2*q - 8. Suppose p + 9 = z, -3*z - 2*p + 3 = 3*p. What is l(z)?
16
Let c(m) = 2*m**2 + 5*m - 3. Let q(y) = -2*y**2 - 10*y + 5. Let f be q(-5). Let j be (-2)/f - 36/(-15). Suppose -6 = -j*o - 14. Give c(o).
9
Let w be (-14 - -13)*(1 - 3). Let d be 1 + 1 + -2 - (w + -1). Let b(f) = -4*f**3 + 2*f**2 - 1. Calculate b(d).
5
Let r(k) = -k**2 - 4*k + 5. Suppose 9*f = f - 40. Let p(y) = y**2 + 5*y - 6. Let s be p(f). What is r(s)?
-7
Let v(j) = 376 + 0*j - j - 375. Suppose -2*t - 2*w = -5*w - 1, 2*w = -4*t + 10. Suppose -6*i + i + p + t = 0, -4*p = -5*i + 8. What is v(i)?
1
Suppose 0 = 15*w + 8*w + 138. Let o = -2 - -6. Let s(g) = -6*g**2 - 5*g**3 - g - 1 + o*g**3 + 8 + 0*g. Determine s(w).
13
Let q(h) = 121*h + 118*h - 23 - 13 - 237*h. What is q(19)?
2
Let k(v) = -4*v - 31. Let q be k(-8). Let r(x) = 5*x**2 - x. Determine r(q).
4
Let y = 6 + 28. Let a be (y/(-4) - -4)/(3/4). Let w(k) = k**2 + 8*k + 5. Calculate w(a).
-7
Let r(y) = -y. Let k(z) = -z**2 - 7*z + 8. Let s = 4 + -6. Let m(n) = s*r(n) + k(n). Give m(-6).
2
Suppose -6 = 3*q - 4*q. Let t(d) = -79*d - 5. Let k(c) = -92*c - 6. Let l(v) = 6*k(v) - 7*t(v). Determine l(q).
5
Suppose -u - 32 = -5*m, -4*u + 3*u + 8 = 3*m. Let f(p) be the first derivative of -p**2/2 - 10*p - 335. Give f(u).
-3
Suppose -i - 18 = 3*m + 2*i, 0 = -4*i. Let t(w) = w**3 + 5*w**2 - 7*w - 2. Give t(m).
4
Let w(t) be the third derivative of 0 - t**2 - 1/24*t**4 - 9*t - 1/3*t**3. Calculate w(0).
-2
Let c(d) = -d + 5. Suppose -9 = -3*z, -4*p + 4*z = 3*z - 13. Suppose 4*q + 2 = 2*v, p*q + 7 = -v + 4*v. Determine c(v).
0
Let l(n) = -6*n - 1. Let u(j) = -31*j - 4. Let z(d) = 11*l(d) - 2*u(d). Let w = -9 + 7. What is z(w)?
5
Let q(g) = g + 7. Suppose -l + 4 = -2*l. Give q(l).
3
Let u(p) = -10*p + 3. Let v = 46 + -111. Let j be ((-8)/15 - 13/v)*-6. Give u(j).
-17
Suppose 0 = 4*x - 0*x - 20. Let i(c) = -7*c + 2*c + 2*c - x + c**3 + 5*c**2. Let w(j) = -7*j - 47. Let d be w(-6). Determine i(d).
10
Let t(d) = d**3 + 5*d**2 - d + 7. Suppose 4*y - 685 = -705. Determine t(y).
12
Let b(q) = q**3 - 5*q**2 + q + 6. Suppose -h = -n - 2*h + 16, -2*n + 2*h + 28 = 0. Suppose 2*d + n = g + 7*d, g = 5*d - 5. What is b(g)?
11
Let p(z) = 7*z + 2*z + 23 + 18 - 14*z - 38. Let q = 0 + 3. Give p(q).
-12
Let d(h) = 3 - 29*h + 0 + 10*h + 18*h. Let n(q) = q**3 + 2*q**2 - 4*q. Let j be n(-3). Suppose 5 = 2*k - j. Give d(k).
-1
Let u(r) be the third derivative of -r**4/24 - r**3/2 + 10*r**2 + 1. Calculate u(9).
-12
Let w(l) = l**3 + 4*l**2 + 5*l + 13. Let i be w(-3). Suppose 0 = 2*q - q - 3. Let k(v) = -7*v**2 + 4 + v**3 - q*v + 6 + v. Give k(i).
-4
Suppose -8*g + g = -21. Suppose 2*a - 5*t - 12 = -t, 5*a - g*t - 16 = 0. Let i(w) = -4*w**2 + w**2 - 1 + w + w**3 + 6*w**a. What is i(-2)?
1
Let f(q) = 4*q**3 + 4*q**2 + q - 14. Let c(a) = -5*a**3 - 3*a**2 + 14. Let x(g) = 3*c(g) + 4*f(g). Determine x(-6).
-2
Let s(m) = 1 - 5*m - 5*m + 2*m. Let h = -3 + 5. Let v be (-1)/h + (-36)/(-24). Give s(v).
-7
Let h be (1 + 0/2)*0. Let x(d) = -6*d + 31. Let l(t) = 5*t - 24. Let c(y) = 5*l(y) + 4*x(y). Determine c(h).
4
Let n(p) = 6*p**3 + 1. Let r be n(-1). Let h = r + 11. Let k(j) = -5*j**2 + 3*j**2 + 3*j**2 - 8*j + 9. Calculate k(h).
-3
Let q(w) be the third derivative of -w**8/20160 + w**7/5040 + w**6/120 + w**5/6 - 29*w**2. Let a(y) be the third derivative of q(y). Determine a(0).
6
Let f(i) = 7*i - 7. Let a = 1346 + -1342. What is f(a)?
21
Let f(q) = -11*q - 2. Let h = -206 - -204. Give f(h).
20
Let r(g) = -g**3 - 5*g**2 + 8*g + 4. Let q = -53 + 47. Suppose 28 = 3*w - 47. Let o be (q/(-5))/((-5)/w). Give r(o).
-8
Suppose 2*b = -4 + 8. Let s(m) = 2*m + 5. Let k(h) = 10*h + 26. Let d(l) = b*k(l) - 11*s(l). Give d(-3).
3
Let v(x) = -29*x - 343. Let s be v(-12). Suppose t - 3*t + 5*f - 11 = 0, -f = 5*t - 13. Let p(j) = -j**3 - 4 + 4*j**2 + 0*j**3 + t*j + 3*j. What is p(s)?
-4
Let t(k) = k**2 + 5*k + 2. Let y be t(-5). Let l(a) be the second derivative of 0 + 1/2*a**3 - 3/2*a**2 - 40*a. Calculate l(y).
3
Let u(w) = w**2 - w + 15. Suppose -3*g = 5*o + 9, 3*o - 6*g = -5*g + 3. Determine u(o).
15
Suppose -k - 1 = -u, -5 = -8*u + 5*u + 5*k. Let r(b) be the third derivative of -b**6/120 + b**5/60 + b**3/3 + b**2 - 48. Calculate r(u).
2
Let t(v) = -v**2 + v + 2. Let r = -2 - 3. Let d be 2/(-7) + r/7. Let s be (-2 - d)/((-1)/(-2)). Determine t(s).
-4
Let r = -9 + 3. Let d = r + 11. Let v = -4 + d. Let l(m) = 8*m**2. Give l(v).
8
Let g(v) = -v**2 + 2*v + 3. Let l(x) = 5*x**2 - 11*x - 16. Let i(c) = -11*g(c) - 2*l(c). Give i(-1).
0
Let t = -2 - 0. Let b(m) be the third derivative of -m**5/30 + m**4/12 + m**3/3 - 198*m**2. What is b(t)?
-10
Let d(u) = -u**2. Let c(q) = -q**3 + 9*q**2 + 6*q - 6. Suppose 3*y - 2 = 13. Suppose 22*n - 11*n - 11 = 0. Let j(g) = n*c(g) + y*d(g). What is j(5)?
-1
Let w(a) = -a**2 + 5*a + 6. Let t = 118 - 112. Determine w(t).
0
Suppose 5*f - 2*f = 27. Suppose 2*o = 5*o - 18. Suppose f*p = 11*p + o. Let j(u) = u**3 + 2*u**2 + u + 1. What is j(p)?
-11
Let l(d) be the first derivative of d**4/4 + d**3/3 - 2*d**2 + 3*d + 161. Calculate l(2).
7
Let w be (1 - -2)/((-10)/(-20)). Let p(b) be the third derivative of 1/15*b**w + 0*b**5 - 1/24*b**4 + 6*b**2 + 0 + 0*b + 0*b**3. Determine p(1).
7
Let j = 101 + -102. Let o(m) = 9*m**2 - m. Give o(j).
10
Let x(w) = 10*w**3 - 2*w**2 + 1. Let a(v) = v**3 + 9*v**2 - 11*v - 9. Let k = -29 - -57. Suppose -22 = 5*o + k. Let s be a(o). Calculate x(s).
9
Let p(u) = u + 4. Let t be (-288)/(-72) + 5/1. What is p(t)?
13
Let b(j) = j**2 + 1 + 1 - 10*j - 3*j. Let p be b(